 2171*g - 2*g**2 + 13*g**2. Determine x(5).
5
Let i(n) = 7*n**3 - n**2 - n. Suppose 0 = 2*d - a - 4, -4*d - 2*a = a - 8. Suppose 1 = d*l + 5*z - 12, z - 5 = 2*l. Determine i(l).
-7
Let p(k) = -5*k**3 + 8*k**2 + 13*k - 2. Let t(w) = -2*w**3 + w**2 + 6*w + 1. Let i(v) = -p(v) + 3*t(v). Determine i(-6).
11
Let k be 2/(8/12) - 1. Let d(t) = 4*t**3 - 6*t - 7*t**3 + k*t**3 + 7*t**2. Let v = 3352 - 3348. Determine d(v).
24
Let a(p) be the third derivative of p**6/120 + 2*p**5/15 + 13*p**4/24 - 2*p**3 - 3489*p**2. Calculate a(-7).
-54
Let o(v) = -7*v**2 - 5*v + 1. Let i(j) = 8*j**2 + 5*j - 2. Let m(k) = 6*i(k) + 7*o(k). Let g = -15175 - -15171. Determine m(g).
-1
Let m(u) = u**3 - 5*u**2 - 6*u + 31. Suppose 9*c - 47 + 8 = 6. Determine m(c).
1
Let x = -6 - -5. Let o(r) be the third derivative of 4*r**5/15 + r**4/24 + 80*r**2 - 7. What is o(x)?
15
Let i(f) = -11*f + 472. Let h = 9139 - 9096. Give i(h).
-1
Let o(q) = -52*q - 2*q + 15*q + 13*q + 23*q - 19. Determine o(-6).
-1
Let q(d) = -40*d**2 - 17*d - 336. Let v(t) = 8*t**2 + 3*t + 67. Let a(i) = -2*q(i) - 11*v(i). Let u(y) be the first derivative of a(y). Give u(-1).
17
Let j(d) = -d**2 + 5*d + 10. Let k(m) = -m**3 - 2*m**2 + m + 6. Let i be k(0). Let w be j(i). Let o(v) = -4 + 4 + 3 - w + 12*v. Determine o(-1).
-13
Let k(c) = -5*c - 8. Let y = -104 - -111. What is k(y)?
-43
Suppose -27 = -2*m - 199. Suppose -14*y = -18*y + 328. Let i = m + y. Let v(l) = -l**3 - 6*l**2 - 5*l + 4. Give v(i).
-8
Let l(t) = -5*t**2 + t + 1. Let i(z) = -25*z**2 + 5*z + 4. Let y(p) = -i(p) + 3*l(p). Calculate y(-1).
11
Let i(v) = v - 3. Let z(n) = n**3 + 7*n**2 + 2*n + 31. Let j be z(-7). Let f = 54 + -49. Suppose 3*p - 5*u = -3*u - 1, p - j = f*u. Calculate i(p).
-6
Let h(d) = -d - 1. Let c(s) = s**2 - 18*s - 9. Let j(r) = c(r) - 2*h(r). Suppose 3470*u - 3475*u + 4*v = -96, -6*u - 5*v = -76. Determine j(u).
-7
Let q(r) = -7395*r**2 - 4 + 7396*r**2 + 17*r - 9*r + 2 - 10*r. Let a = 4 + 0. Calculate q(a).
6
Let n = -9689 - -19385/2. Let w(t) be the first derivative of 3 + 5*t - 4/3*t**3 - n*t**2 + 1/4*t**4. Give w(5).
-5
Let u = 158 + -297. Let k = 141 + u. Let z(m) = -3*m**3 - m**2 + 2*m - 2. Calculate z(k).
-26
Let d(h) = 3*h + 2. Let u(q) = -q**2 - q - 1. Let x be u(-1). Give d(x).
-1
Let s(q) = -q**2 + 8*q + 6. Let z be s(8). Let b(n) be the third derivative of 1/2*n**3 + 5/24*n**4 - 1/60*n**5 + 12 + 2*n**2 + 0*n. What is b(z)?
-3
Let k(j) be the first derivative of j**2 - 2*j - 16. Suppose -2*u + 4*w + w + 15 = 0, 3 = 5*u - w. Suppose -4*v + v + 21 = u. Calculate k(v).
12
Let s(n) = n**3 + 17*n**2 - 19*n. Let y(g) = -g**2 + 46*g - 186. Let r be y(42). Determine s(r).
18
Let f = 246 + -186. Let d(q) = -1 + 0*q**2 - q**2 - f*q - 6*q + 73*q. Determine d(6).
5
Let g(s) = -2 + 6*s - 6*s**2 - 1028*s**3 - 1 + 1027*s**3. Give g(-7).
4
Let z(c) = 3*c + 44. Let m = 3208 - 3208. Calculate z(m).
44
Let m(k) = k**3 + 12*k**2 + 12*k - 77. Let r = -47959 + 47949. Calculate m(r).
3
Let u(c) = c**3 + c**2 + c - 1. Let x(b) = -4*b**3 + 9*b**2 - 5*b + 9. Let n = -343 + 348. Let v(k) = n*u(k) + x(k). Determine v(-14).
4
Suppose c + 21 = 4*c. Let f be 261/81 + 1/9*-2. Let h(a) = 6*a - 8*a + f + a. What is h(c)?
-4
Suppose 3*y + 98 = 98, -3*w + 249 = -2*y. Let i be -2 + -2 + (-273)/(-3). Let l = i - w. Let n(z) = -z**3 + 5*z**2 - 4*z + 1. Give n(l).
1
Suppose a - 6 = 3*a. Let j(w) be the third derivative of 14*w**2 + 1/8*w**4 + 0 + 1/2*w**3 + 0*w. What is j(a)?
-6
Let k(z) be the third derivative of -5*z**4/24 + z**3/6 + 98556*z**2. Suppose -6*w = -w. Determine k(w).
1
Let z(g) = -44*g**3 + 32*g**2. Let c(y) = 7*y**3 - 5*y**2. Let w(m) = 39*c(m) + 6*z(m). Determine w(-1).
-12
Let g(s) be the third derivative of -s**6/240 + 163*s**4/24 - 10*s**2 + 15*s. Let t(i) be the second derivative of g(i). What is t(-7)?
21
Let p(o) = 2 - 3 + o - 7*o. Suppose -2091*w + 134 = -2225*w. Give p(w).
5
Suppose 3*x = -3*y + 21, -x - 12 = -2*y - 4. Let g(k) = 34*k + 16 - 12*k**2 + 2*k**x - k**3 - 46*k + 24*k. Calculate g(-11).
5
Let g(s) = s**3 - 2*s**2 + 1. Let m = -151 + 149. Let q(a) = a**3 + 5*a**2 + 6*a - 1. Let v be q(m). Give g(v).
-2
Suppose 0*r = 5*r - 55. Suppose -4*v + 10 = -2*u, 4*v + v = 2*u + r. Let y(d) = 16109*d**3 - 7973*d**3 + 1 - 8150*d**3. Determine y(v).
-13
Let j(o) = 8692*o + 3 - 26073*o + 8689*o + 8690*o. Suppose 2*z = 3*z - 7. Calculate j(z).
-11
Let g(i) be the second derivative of i**4/12 + 11*i**3/6 + i**2/2 - i - 94. Determine g(-11).
1
Let u(o) be the first derivative of -3*o**2 - 88*o + 66. Let s be u(-14). Let i(g) = 4*g**3 - 3*g**2 + 5*g - 2 - 3*g**3 - 2*g**3. What is i(s)?
-6
Let n(a) = -2*a - 35. Let g be n(-21). Let k(i) = -g - 1 - 3*i + 4*i. What is k(8)?
0
Suppose 5*c - 6*c = -5*c - 12. Let m(n) = n**3 - 2*n + 3. Calculate m(c).
-18
Let x(j) = -8*j**2 + 0*j**2 + 2*j**3 - 533*j - 26*j**2 + 14 + 616*j. Calculate x(14).
0
Let v(m) = -8*m + 63. Let f be -13 - ((25 - 11) + -36). Give v(f).
-9
Let n(y) = -y**3 - 2*y**2 + 3*y - 1. Suppose -19*p - 26 = -83. Give n(p).
-37
Let w(u) = -28*u + 1. Let m be (-27 + 57)/((-4)/(-6)). Suppose 0 = m*h - 48*h + 3. Calculate w(h).
-27
Let o(b) = -7*b**3 - b**2 - 7*b - 1. Let u(a) = -3*a**3 - 3*a + 1. Let d(r) = -o(r) + 2*u(r). Let z = -8 - -5. What is d(z)?
-18
Let z(u) = u**2 + 6*u - 2. Let g be (115 - 114)/(4/14*6/(-12)). Calculate z(g).
5
Let w(j) = -j - 16. Suppose 4*x = -36 - 28. Let q be w(x). Suppose 3*d - 5*v + 31 = q, 5*d + 3*v - 15 = -2*v. Let y(r) = r**2 + 2*r - 2. Determine y(d).
-2
Let r(v) = -6*v + 4. Let l(f) = 31*f + 11. Let u(b) = -l(b) - 4*r(b). What is u(-8)?
29
Let l(q) = -4*q - 759*q**3 + 4 - 688*q**3 + 1446*q**3 - 9*q**2 - 3. Determine l(-8).
-31
Let p(l) be the first derivative of 7*l**2/2 - l + 2359. Let n(q) = -q - 1 + 4 + 0*q + 2. Let r be n(3). Calculate p(r).
13
Let a(y) be the third derivative of y**5/20 - y**4/12 + y**3/6 + 673*y**2 - 16*y. Let l be ((-1)/(-3))/(2/6). Determine a(l).
2
Let g(i) = -i + 2. Let f be g(5). Let q(m) be the third derivative of m**5/30 + m**4/12 - m**3/6 + 2*m**2 - 491. Determine q(f).
11
Let y(k) = k - 2092*k**2 - 2 + 4192*k**2 - 2096*k**2 + 2. Let z be -1 - (0 + 1)*-5. Let w = z - 2. Determine y(w).
18
Let u(y) = y**2 + 7*y + 1. Let q be u(-5). Let r(o) = -5*o**2 + 24*o + 18. Let t(v) = -3*v**2 + 16*v + 10. Let s(i) = 5*r(i) - 8*t(i). Determine s(q).
1
Let k(p) = -p**3 - 49*p**2 + 104*p + 96. Suppose 18972 = -235*u - 137*u. Calculate k(u).
-6
Let y(v) = 19*v**2 - 138*v + 17. Let o be y(7). Let m(r) = -r**2 - 17*r + 22. What is m(o)?
4
Let n(o) = -31*o - 38*o - 30*o - 37*o - 3 + 217*o - 2*o**2 - 73*o. Suppose 12 = -f + 3*f. What is n(f)?
-27
Let l(x) = -3*x**3 - x**2 + 3*x + 2. Let t be ((-60)/(-36))/((-15)/(-27)). Give l(t).
-79
Let h = -6993 - -6971. Let q(d) = d**3 + 23*d**2 + 23*d + 7. Calculate q(h).
-15
Let g(f) = f - 836*f**2 - 93*f**3 + 94*f**3 - 7 + 837*f**2. Suppose 0 = 2*u + 5*z - 0 - 5, -u = 4*z - 4. What is g(u)?
-7
Suppose -89 = -p + 3*r, 10*p + 5*r = 5*p + 425. Let k = 96 - p. Let l(f) = f**2 - 8*f - 16. Give l(k).
4
Let k(u) be the second derivative of u**3 - 1/12*u**4 + 0 + 36*u + 7/2*u**2. Suppose 0*b - 3*b = -18. What is k(b)?
7
Suppose -g - 2*l = -5*g + 26, 0 = 2*g + l - 19. Let o be g/44 - ((-8)/(-44) + -2). Let x(d) = 2*d**2 + o*d**3 - d**2 - 6*d**2 + 3*d**2 - d - 1. Determine x(2).
5
Let k = -48 + 51. Suppose -5*r - 2*v + 12 = 0, -4*r + 17 + k = -v. Let o(y) = -r + y + 2*y**2 + 1 - y**3 + 0*y + y. Calculate o(3).
-6
Suppose 54 = -5*p - 4*c, -3*p + c + 20 = 49. Let h(y) = -2*y - 40. Give h(p).
-20
Let g = -22 + 34. Let c(m) be the third derivative of m**5/60 - 13*m**4/24 + 11*m**3/6 + 8*m**2 - 9*m - 63. What is c(g)?
-1
Suppose 4*c - 4038 + 198 = -476*c. Let m(p) = -2*p. Let g(j) = -3*j - 1. Let y(d) = -3*g(d) + 4*m(d). Determine y(c).
11
Let n = -1962 + 1963. Let f(p) = -11*p**2 + 10*p - 4. Calculate f(n).
-5
Suppose -197 = -7*n - 162. Suppose 2*r - 15 = -3*c, n*c + 21 = 5*r - 4. Let i(f) = -f**3 + 7*f**2 - 6*f + 4. Calculate i(r).
4
Let n(d) be the second derivative of d**6/720 - d**5/20 + 5*d**4/12 - d**2 + 2*d - 38. Let h(g) be the third derivative of n(g). Calculate h(5).
-1
Suppose y - 36 = -4*h + 5*y, 0 = 2*y + 10. Let b(x) = x**2 + x - 3. Let j be b(h). Let q = j - 20. Let o(p) = -3*p - 3. Calculate o(